{"id":1519,"date":"2018-09-27T10:23:32","date_gmt":"2018-09-27T13:23:32","guid":{"rendered":"http:\/\/casamentoapp.com\/demotema1\/?page_id=1519"},"modified":"2020-10-28T11:42:40","modified_gmt":"2020-10-28T14:42:40","slug":"cerimonia","status":"publish","type":"page","link":"https:\/\/casamentoapp.com\/patriciaedaniel\/como-chegar\/cerimonia\/","title":{"rendered":"Cerim\u00f4nia"},"content":{"rendered":"<div class=\"wpb-content-wrapper\"><p>[vc_row full_width=&#8221;stretch_row&#8221; full_height=&#8221;yes&#8221; equal_height=&#8221;yes&#8221; content_placement=&#8221;middle&#8221; parallax=&#8221;content-moving&#8221; bg_type=&#8221;image&#8221; parallax_style=&#8221;vcpb-default&#8221; bg_image_repeat=&#8221;no-repeat&#8221; bg_img_attach=&#8221;fixed&#8221; bg_override=&#8221;browser_size&#8221;][vc_column][vc_empty_space height=&#8221;20&#8243;][vc_custom_heading text=&#8221;Par\u00f3quia Nossa Senhora do Brasil&#8221; font_container=&#8221;tag:h3|font_size:40|text_align:center|color:%23000000&#8243; google_fonts=&#8221;font_family:Merriweather%3A300%2C300italic%2Cregular%2Citalic%2C700%2C700italic%2C900%2C900italic|font_style:400%20regular%3A400%3Anormal&#8221;][vc_empty_space height=&#8221;10&#8243;][vc_custom_heading text=&#8221;Pra\u00e7a Nossa Senhora do Brasil, 01 &#8211; Jardim Am\u00e9rica, S\u00e3o Paulo &#8211; SP, 01438-060&#8243; font_container=&#8221;tag:p|font_size:20|text_align:center|color:%23000000&#8243; google_fonts=&#8221;font_family:Merriweather%3A300%2C300italic%2Cregular%2Citalic%2C700%2C700italic%2C900%2C900italic|font_style:400%20regular%3A400%3Anormal&#8221;][vc_empty_space height=&#8221;10&#8243;][vc_column_text css_animation=&#8221;appear&#8221;]<\/p>\n<h4 style=\"text-align: center;\"><a href=\"http:\/\/casamentoapp.com\/demotema1\/wp-content\/uploads\/sites\/78\/2018\/10\/igreja-nossa-senhora-do-brasil2.jpg\"><img loading=\"lazy\" decoding=\"async\" class=\"alignnone size-full wp-image-1772\" src=\"http:\/\/casamentoapp.com\/demotema1\/wp-content\/uploads\/sites\/78\/2018\/10\/igreja-nossa-senhora-do-brasil2.jpg\" alt=\"\" width=\"1280\" height=\"800\" srcset=\"https:\/\/casamentoapp.com\/patriciaedaniel\/wp-content\/uploads\/sites\/90\/2018\/10\/igreja-nossa-senhora-do-brasil2.jpg 1280w, https:\/\/casamentoapp.com\/patriciaedaniel\/wp-content\/uploads\/sites\/90\/2018\/10\/igreja-nossa-senhora-do-brasil2-300x188.jpg 300w, https:\/\/casamentoapp.com\/patriciaedaniel\/wp-content\/uploads\/sites\/90\/2018\/10\/igreja-nossa-senhora-do-brasil2-768x480.jpg 768w, https:\/\/casamentoapp.com\/patriciaedaniel\/wp-content\/uploads\/sites\/90\/2018\/10\/igreja-nossa-senhora-do-brasil2-1024x640.jpg 1024w, https:\/\/casamentoapp.com\/patriciaedaniel\/wp-content\/uploads\/sites\/90\/2018\/10\/igreja-nossa-senhora-do-brasil2-125x78.jpg 125w, https:\/\/casamentoapp.com\/patriciaedaniel\/wp-content\/uploads\/sites\/90\/2018\/10\/igreja-nossa-senhora-do-brasil2-75x47.jpg 75w, https:\/\/casamentoapp.com\/patriciaedaniel\/wp-content\/uploads\/sites\/90\/2018\/10\/igreja-nossa-senhora-do-brasil2-600x375.jpg 600w\" sizes=\"auto, (max-width: 1280px) 100vw, 1280px\" \/><\/a><\/h4>\n<p>[\/vc_column_text][vc_empty_space][vc_custom_heading text=&#8221;Veja no Google Maps como chegar:&#8221; font_container=&#8221;tag:p|font_size:20|text_align:center|color:%23000000&#8243; google_fonts=&#8221;font_family:Merriweather%3A300%2C300italic%2Cregular%2Citalic%2C700%2C700italic%2C900%2C900italic|font_style:400%20regular%3A400%3Anormal&#8221;][vc_gmaps link=&#8221;#E-8_JTNDaWZyYW1lJTIwc3JjJTNEJTIyaHR0cHMlM0ElMkYlMkZ3d3cuZ29vZ2xlLmNvbSUyRm1hcHMlMkZlbWJlZCUzRnBiJTNEJTIxMW0xOCUyMTFtMTIlMjExbTMlMjExZDM2NTYuOTcwNzEwOTMyMjcxJTIxMmQtNDYuNjc0NzcxMjg1MDIyMDI1JTIxM2QtMjMuNTY5NDk1Mzg0Njc4NzI0JTIxMm0zJTIxMWYwJTIxMmYwJTIxM2YwJTIxM20yJTIxMWkxMDI0JTIxMmk3NjglMjE0ZjEzLjElMjEzbTMlMjExbTIlMjExczB4OTRjZTU3N2QxN2UyOWNlMSUyNTNBMHhlMmY4ZDNiZjBmNTY5ZDk4JTIxMnNQYXIlMjVDMyUyNUIzcXVpYSUyQk5vc3NhJTJCU2VuaG9yYSUyQmRvJTJCQnJhc2lsJTIxNWUwJTIxM20yJTIxMXNwdC1CUiUyMTJzYnIlMjE0djE1MzUxMzg0NjM0ODclMjIlMjB3aWR0aCUzRCUyMjYwMCUyMiUyMGhlaWdodCUzRCUyMjQ1MCUyMiUyMGZyYW1lYm9yZGVyJTNEJTIyMCUyMiUyMHN0eWxlJTNEJTIyYm9yZGVyJTNBMCUyMiUyMGFsbG93ZnVsbHNjcmVlbiUzRSUzQyUyRmlmcmFtZSUzRQ==&#8221;][vc_empty_space][\/vc_column][\/vc_row]<\/p>\n<\/div>","protected":false},"excerpt":{"rendered":"<p>[vc_row full_width=&#8221;stretch_row&#8221; full_height=&#8221;yes&#8221; equal_height=&#8221;yes&#8221; content_placement=&#8221;middle&#8221; parallax=&#8221;content-moving&#8221; bg_type=&#8221;image&#8221; parallax_style=&#8221;vcpb-default&#8221; bg_image_repeat=&#8221;no-repeat&#8221; bg_img_attach=&#8221;fixed&#8221; bg_override=&#8221;browser_size&#8221;][vc_column][vc_empty_space height=&#8221;20&#8243;][vc_custom_heading text=&#8221;Par\u00f3quia Nossa Senhora do Brasil&#8221; font_container=&#8221;tag:h3|font_size:40|text_align:center|color:%23000000&#8243; google_fonts=&#8221;font_family:Merriweather%3A300%2C300italic%2Cregular%2Citalic%2C700%2C700italic%2C900%2C900italic|font_style:400%20regular%3A400%3Anormal&#8221;][vc_empty_space height=&#8221;10&#8243;][vc_custom_heading text=&#8221;Pra\u00e7a Nossa Senhora do Brasil, 01 &#8211; Jardim Am\u00e9rica, S\u00e3o Paulo &#8211; SP, 01438-060&#8243; font_container=&#8221;tag:p|font_size:20|text_align:center|color:%23000000&#8243; google_fonts=&#8221;font_family:Merriweather%3A300%2C300italic%2Cregular%2Citalic%2C700%2C700italic%2C900%2C900italic|font_style:400%20regular%3A400%3Anormal&#8221;][vc_empty_space height=&#8221;10&#8243;][vc_column_text css_animation=&#8221;appear&#8221;] [\/vc_column_text][vc_empty_space][vc_custom_heading text=&#8221;Veja no Google Maps como chegar:&#8221; font_container=&#8221;tag:p|font_size:20|text_align:center|color:%23000000&#8243; google_fonts=&#8221;font_family:Merriweather%3A300%2C300italic%2Cregular%2Citalic%2C700%2C700italic%2C900%2C900italic|font_style:400%20regular%3A400%3Anormal&#8221;][vc_gmaps link=&#8221;#E-8_JTNDaWZyYW1lJTIwc3JjJTNEJTIyaHR0cHMlM0ElMkYlMkZ3d3cuZ29vZ2xlLmNvbSUyRm1hcHMlMkZlbWJlZCUzRnBiJTNEJTIxMW0xOCUyMTFtMTIlMjExbTMlMjExZDM2NTYuOTcwNzEwOTMyMjcxJTIxMmQtNDYuNjc0NzcxMjg1MDIyMDI1JTIxM2QtMjMuNTY5NDk1Mzg0Njc4NzI0JTIxMm0zJTIxMWYwJTIxMmYwJTIxM2YwJTIxM20yJTIxMWkxMDI0JTIxMmk3NjglMjE0ZjEzLjElMjEzbTMlMjExbTIlMjExczB4OTRjZTU3N2QxN2UyOWNlMSUyNTNBMHhlMmY4ZDNiZjBmNTY5ZDk4JTIxMnNQYXIlMjVDMyUyNUIzcXVpYSUyQk5vc3NhJTJCU2VuaG9yYSUyQmRvJTJCQnJhc2lsJTIxNWUwJTIxM20yJTIxMXNwdC1CUiUyMTJzYnIlMjE0djE1MzUxMzg0NjM0ODclMjIlMjB3aWR0aCUzRCUyMjYwMCUyMiUyMGhlaWdodCUzRCUyMjQ1MCUyMiUyMGZyYW1lYm9yZGVyJTNEJTIyMCUyMiUyMHN0eWxlJTNEJTIyYm9yZGVyJTNBMCUyMiUyMGFsbG93ZnVsbHNjcmVlbiUzRSUzQyUyRmlmcmFtZSUzRQ==&#8221;][vc_empty_space][\/vc_column][\/vc_row]<\/p>\n","protected":false},"author":2,"featured_media":0,"parent":1530,"menu_order":1,"comment_status":"closed","ping_status":"closed","template":"","meta":{"om_disable_all_campaigns":false,"footnotes":""},"class_list":["post-1519","page","type-page","status-publish","hentry"],"_links":{"self":[{"href":"https:\/\/casamentoapp.com\/patriciaedaniel\/wp-json\/wp\/v2\/pages\/1519","targetHints":{"allow":["GET"]}}],"collection":[{"href":"https:\/\/casamentoapp.com\/patriciaedaniel\/wp-json\/wp\/v2\/pages"}],"about":[{"href":"https:\/\/casamentoapp.com\/patriciaedaniel\/wp-json\/wp\/v2\/types\/page"}],"author":[{"embeddable":true,"href":"https:\/\/casamentoapp.com\/patriciaedaniel\/wp-json\/wp\/v2\/users\/2"}],"replies":[{"embeddable":true,"href":"https:\/\/casamentoapp.com\/patriciaedaniel\/wp-json\/wp\/v2\/comments?post=1519"}],"version-history":[{"count":23,"href":"https:\/\/casamentoapp.com\/patriciaedaniel\/wp-json\/wp\/v2\/pages\/1519\/revisions"}],"predecessor-version":[{"id":2460,"href":"https:\/\/casamentoapp.com\/patriciaedaniel\/wp-json\/wp\/v2\/pages\/1519\/revisions\/2460"}],"up":[{"embeddable":true,"href":"https:\/\/casamentoapp.com\/patriciaedaniel\/wp-json\/wp\/v2\/pages\/1530"}],"wp:attachment":[{"href":"https:\/\/casamentoapp.com\/patriciaedaniel\/wp-json\/wp\/v2\/media?parent=1519"}],"curies":[{"name":"wp","href":"https:\/\/api.w.org\/{rel}","templated":true}]}}